6))?
-55
What is 9 - (-1 + -35 + -4 + (-20 - -34))?
35
Calculate 19 + -1 - (-130 + -11 + 162).
-3
Calculate -22 - ((27 + 2 - 50) + (5 - 0)).
-6
Evaluate 5 - 49 - -49 - (20 + 0).
-15
What is (25 - 74) + -2 + 3 + (-27 - -33) + -13?
-55
Evaluate (23 + -1 - 88) + 30.
-36
What is (49 - 44) + -20 - (1 + -1) - 73?
-88
Evaluate 14 - (58 + -49 - -27).
-22
Evaluate 92 + -3 + 3 - (-970 - -1010).
52
What is the value of (-2 - -6 - -6) + (427 - 417)?
20
Calculate (44 - 10) + 92 + -88.
38
Evaluate 0 - -20 - ((-53 - -47) + -10 - -14).
22
Evaluate -60 - ((37 - 4) + -54).
-39
(20 - 0) + -13 + -37 + 12
-18
-1 + 6 + (3 - -11 - (2 + 4))
13
274 + -168 - (-11 + 16 + (-1 - (13 + -2)))
113
What is 0 + 11 + -2 + (155 - (-4 + 53 - -7))?
108
What is 1059 - 1130 - (-57 - 1)?
-13
What is 38 - ((5 + 37 - 40) + -4 + -2)?
42
Evaluate (4 + -13 + 5 - -40) + (-45 - -46 - 6).
31
Evaluate (-5 - -4) + -55 + -24 + (0 - -27).
-53
(28 - (70 - 37)) + -12
-17
-118 + 74 - (43 - -1)
-88
What is -21 + -69 + 85 - (-40 + -3)?
38
-49 - (-23 - 80) - 6
48
What is 0 + -1 - (5 + -99 + 92)?
1
Calculate -2 + -7 + 16 + (17 - 19).
5
-3 + -9 + -29 - -38
-3
Evaluate -53 + 54 + (74 - -11) + 1.
87
What is the value of 4 - -7 - (83 + -26 + -15)?
-31
-7 - (25 + -7 + (-2 - (-1 - -1)) + 0)
-23
Evaluate 23 + (3 - 7) + (70 - 71).
18
What is -21 + (4 + 21 - (2 - -15))?
-13
What is -1 - (1 - 0) - 47 - (-38 - (-35 - -6))?
-40
40 + (33 - 5) + (-17 - -5) + 3 + 1
60
Evaluate -2 + (-105 - (-2 + -119)).
14
Evaluate -89 + -42 + 97 - (-11 + -2).
-21
-9 - (-24 - -18) - (-1 - -14)
-16
83 + (20 - 50 - -33)
86
Calculate (55 - 26) + -14 - 34.
-19
What is 9 - 23 - (56 - 128)?
58
What is (46 - ((18 - 42) + 23)) + 11?
58
Evaluate 0 + -19 - (-40 + 13 + 54).
-46
What is (65 - 61) + (0 - (-9 + 1 - 54))?
66
(5 - (12 - 11)) + (5 - -5)
14
Evaluate 15 - 141 - (265 - 325).
-66
Calculate (-11 - (-55 + 18 - -139)) + 31.
-82
(51 - (74 - 37)) + (-1 - 57 - 0)
-44
What is (203 - 186 - (-1 - 2)) + (-5 - 17)?
-2
What is the value of (-1 + 3 - -3 - 0) + 14 + -10?
9
What is the value of (-8 - (29 - 47)) + -26?
-16
(12 - 9 - ((-26 - -15) + (129 - -1))) + -2
-118
6 + -6 - -12 - 18 - (1 + -8 + 16)
-15
34 - (-51 + (118 - 13))
-20
Evaluate -38 + 51 + -21 - ((-1 - -17) + 1).
-25
Evaluate 132 - 170 - (-32 - -20).
-26
What is 4 + 8 + -23 - (-6 + 13 + (0 - -9))?
-27
What is the value of -51 - ((-8 - -5) + -12) - (-1 - -7)?
-42
What is the value of -27 + (10 - -4 - -10) + -11?
-14
-10 - 20 - 59 - (-3 + -10)
-76
What is the value of -6896 - -7062 - (200 + 2)?
-36
What is the value of 52 + -19 - (-104 + -21 + 34)?
124
Evaluate 39 + (11 - (31 + -4 + (-32 - -20))).
35
28 + -41 + 24 - (-9 + 18)
2
Evaluate -60 + (19 - (36 + -42)) + -26.
-61
-137 + 51 - 113 - -71
-128
What is the value of 2 + -4 + (36 - 0) + (100 - 49) + -58?
27
Evaluate (-18 - ((-13 - (-21 - -80)) + -17)) + (1 - 2).
70
Evaluate 7 + -10 + 14 + -1 - (-12 - 1) - 2.
21
What is 48 + (6 - ((8 - (1 - 7)) + -13 - -3))?
50
(1 - (-6 - -72)) + -28 + (34 - (4 - -12))
-75
Calculate 22 + -2 - (49 - -2 - 35) - -39.
43
What is -21 + (-38 - -33) - 14?
-40
What is 48 - (3 - (7 - 0) - 1 - 0)?
53
What is (72 - 113) + 2 + 26 - -17?
4
Calculate (12 - (20 + -9)) + -38 + (2 - 19).
-54
(280 - 284 - -91) + 1 + -3 + 10
95
What is the value of -3309 + 3234 - (-22 - 1)?
-52
What is -43 + 2 - (212 - 261)?
8
What is the value of 2 + 0 + -1 + -28 + 85 + -23?
35
What is 17 + (-15 - -11 - -19 - (-35 - 23))?
90
Evaluate (-6 + 11 + -14 + 18 - 27) + 10.
-8
What is the value of (5 - ((-10 - 5) + 29)) + -22 + 0?
-31
What is 20 + 20 + -64 + 32 + 1 + -83?
-74
Calculate 3 - ((0 - (-2 + 0)) + (-118 - -128) - -12).
-21
Evaluate (12 - 14) + (-6 + (-1 - 6) - 8) + -4.
-27
What is the value of 5 - ((24 - 2) + -7 + -29)?
19
Evaluate 143 + -244 - (-58 - -2).
-45
(180 - 199) + (14 - 17 - (-1 - 110))
89
Calculate -72 + 9 + -5 - (72 - 94).
-46
What is the value of -1 - -16 - (25 + (-5 - -11) + -14)?
-2
What is -93 - -114 - (23 - -82)?
-84
What is -28 + (120 - 38) - 46?
8
45 + 66 + -104 + 0 + 4
11
Calculate (97 - 92 - (-2 + 29)) + 66.
44
What is the value of 11 + -5 - 10 - (51 + -9)?
-46
Calculate 31 + -27 - (-24 + -1) - (-29 - -40).
18
Calculate -4 + 0 + 0 + (33 - (-25 + 67)).
-13
Evaluate -50 + 2 + (11 + -14 + -1 - 12).
-64
Evaluate 52 + (-117 - -119 - (8 - (4 - 3))).
47
Calculate (-6 - (-21 + (3 - 9)) - 15) + (0 - 39).
-33
-29 + 109 + -91 + -2 + -13 + 3 + 2
-21
What is the value of 59 + -20 + (74 - 30 - 17)?
66
(-1 + 10 - 11) + 81 + -63 - -3
19
What is the value of -18 + 4 + -1 + 89 + (285 - 286) + 12?
85
Calculate (-19 - -11) + 10 - (11 + -3).
-6
Calculate (10 - -1) + -123 + 124 + 17.
29
What is the value of 106 + -95 + -82 + 125?
54
(-1 + 2 + -6 - -10 - (70 + -57)) + -120
-128
Evaluate (-19 - 28) + (17 + -6 - -9).
-27
195 + (15 - 72 - 48)
90
What is the value of 14 + (-51 - -40) + (-25 - (0 + 0))?
-22
96 + 1 + (29 - 12) + -37 + 6
83
Evaluate 4 + (23 - (-14 + 1)).
40
What is -69 + -1 + -11 + (121 - 155)?
-115
61 + -1 - ((9 - (55 + -20)) + 24)
62
What is (1 - 45) + (-15 - (8 - (4 + 6))) + 14?
-43
What is (-61 - (32 - 74)) + 18 - (-1 - 0 - -93)?
-93
What is (5 - -6) + -3 + -1154 + 1235?
89
Calculate -63 + -64 + 117 - (-29 + 5 - 1).
15
What is 10 + (9 - 10) - (22 + -10) - 136?
-139
What is 29 + -32 + -17 - 38?
-58
What is 14 + -32 + 18 + -12 + 0?
-12
What is -37 + (-8 + -6 - (-1 + -15)) - 0?
-35
(-29 - -28) + (-11 - (8 + -20)) + -1
-1
(0 - 30) + (-30 - (-15 - (18 + -9)))
-36
What is the value of -11 - ((-10 - (-18 + 2)) + -12 + -68) - -2?
65
Calculate (-2 - -2 - -1) + 31 - (-240 + 253).
19
Evaluate -2 + -8 + (-935 - -935).
-10
What is the value of 37 + -4 + -49 + 8 + 18?
10
2 + -41 - (76 + (-107 - -14))
-22
Calculate (1 - -81) + -4 + 62 + (45 - 94).
91
-70 - (-77 + -21 + 1)
27
What is -24 - (-7 + 14) - (357 + -454)?
66
Evaluate 7 + 2 + (-40 + 44 - (35 + (-3 - 9))).
-10
What is the value of 2 - -26 - (-223 - -262) - (-51 - 0)?
40
What is the value of 14 + 133 + -184 + 45?
8
What is the value of (-15 - (8 + -4)) + 26 - 56?
-49
306 + -265 - (-3 + 3 - ((6 - -1) + -2))
46
What is 0 - 8 - ((-1 - (-3 + -13)) + -29 + 15)?
-9
Calculate (14 - 68) + 12 + (-3 - 22).
-67
What is (0 - -27) + 89 + -97 + 42?
61
What is (116 - 73) + (-114 - -91)?
20
Evaluate (-93 - (16 + (-15 - (4 - 7) - -12))) + -16.
-125
Calculate -9 + (-24 - ((-29 - -5) + 17)) - (1 + -6).
-21
What is the value of 1 + 58 - (-9 + (110 - 86))?
44
Evaluate -39 + (66 - (41 + -28)).
14
Evaluate -8 + (-8 - (-13 - -17) - (5 + -17)).
-8
(18 - (-18 + (-24 - -1)) - 0) + -1 + -5
53
Evaluate -23 - ((58 - 60) + 3).
-24
Calculate -122 + 0 + (92 + -96 - (-5 + (1 - 4))).
-118
Calculate -1 + 40 + -73 + -6 + 66.
26
What is -13 - (-19 - (0 - 41))?
-35
Calculate -28 - (37 + 0 + -35) - -57.
27
(-7 + 3 - -5 - (28 + -27) - -10) + 2
12
Calculate -103 - (218 + -206) - (-18 - 0).
-97
What is the value of (-15 - -9) + -5 + -63 + 21?
-53
15 + (-2 - 1) + 13 + (19 - 10) + -10
24
2 + -19 + (-11 - (12 + -3) - -23)
-14
Evaluate -31 + -49 - -85 - 40.
-35
Calculate (39 - 91) + 31 - (1 + 4).
-26
1 + 3 + -1036 + 1057 + -33 + 1
-7
Calculate -91 - (-75 + -70) - (20 - 0).
34
Calculate (244 - 250) + (3 - -49).
46
Evaluate 46 + 0 + -32 + -18 + 51.
47
Evaluate (17 - 14) + -3 + (4 - (5 + 3)) + -6.
-10
Evaluate -27 + 36 - (2 - 13 - -8).
12
Evaluate 0 - (-33 + -12) - 83.
-38
What is -23 + -69 + 105 + -29 + 3?
-13
Evaluate 31 + (23 - 49) + -7.
-2
What is -118 + (16 - -143) + 0 + -6?
35
15 - (-98 + 17 - -149)
-53
Evaluate 27 + -33 + -4 + 13 - 30.
-27
Evaluate 8 - 119 - -29 - -3 - 31.
-110
Calculate -2 - 44 - (-53 + 51 + -14).
-30
Evaluate -98 + (8 + 4 - -11) + -6 - (3 - -2).
-86
What is -2379 + 2284 + 26 + -2 + 4?
-67
Evaluate (32 - (49 + -21)) + 0.
4
(1490 - 1505) + (18 - 2 - 1) - -128
128
What is the value of (5 - 1) + 2 - (1 + 11) - (-66 - -30)?
30
What is the value of 173 - (-124 + 129 - -98)?
70
What is (4 - -187) + -153 + -2?
36
What is (-2 + 2 - (-21 + 20)) + 17 + 1 + 2?
21
What is -40 - (-36 + 0 - (147 + -159))?
-16
14 - (21 - ((-11 - -14) + -27 + 25))
-6
What is 56 - (11 - 62 - -106)?
1
-6 - ((3 - -1) + (0 - 33) + 34)
-11
What is the value of 3 + (-16 - (2 - (3 + -2))) - (-81 - -81)?
-14
(-259 - -318) + 2 + -15
46
What is the value of -15 + 0 + (-4 - 6) + 3 + 11?
-11
Calculate 85 + (-2 - 66) - (-49 + (-3 - -6)).
63
What is the